t is the units digit of j(l)?
2
What is the tens digit of 312/5 + 18/30?
6
Suppose 5*u - 3 - 12 = 0. Suppose u*z = 87 - 0. What is the units digit of z?
9
Suppose 2*o = -0*o + 6. Suppose o*m + 17 = 5. What is the units digit of (-6)/(-4)*m/(-6)?
1
Suppose -6 = -3*g, 0 = -4*s - 0*s + 3*g + 6. Suppose -3*a = 0, 21 = s*x + 2*a - 6. What is the units digit of x?
9
Let v be -1 + (2 + 2 - -2). What is the tens digit of (1 - v)/(1/(-8))?
3
Let u be (4/6)/(2/6). Let n(v) = v**3 + 6*v**2 + 4*v - 2. Let p be n(-5). Suppose -5*y + p = -u*y. What is the units digit of y?
1
Let d(z) = -z**2 - 7*z + 1. Let a be d(-7). What is the tens digit of 18/(-10)*(-24 - a)?
4
Let b = -17 - -24. Let y(c) = -c**3 + 8*c**2 - 5*c - 1. What is the units digit of y(b)?
3
Let g = 113 + -66. Suppose -a - 19 = -h, 2*h - a + g = 4*h. What is the units digit of h?
2
Suppose 148 = 6*a - 4*a. What is the units digit of a?
4
Let l(k) = -k**2 - 8*k + 3. Suppose 6*a - 15 = 3*a. Suppose -a*r - 5 - 30 = 0. What is the tens digit of l(r)?
1
Suppose 4640 = 5*n + 11*n. What is the hundreds digit of n?
2
Suppose 3*u - 2*w - 6 = 0, 0 = -2*u - w - 2 + 6. Suppose t - 31 = 5*a, u*t = -a - a + 26. What is the units digit of t?
6
Let v = 0 + -2. Let r(z) = 2*z + 2. Let x be r(v). What is the units digit of ((-75)/(-6))/(-5)*x?
5
Let a(v) = -13*v + 2 - 6 - 18. Let s(o) = -7*o - 11. Let x(c) = 4*a(c) - 7*s(c). What is the tens digit of x(-8)?
1
What is the tens digit of ((-26)/(-4))/((-17)/(-34))?
1
Let h be (-1 - 3/3)*-1. Suppose 0 = -6*d + h*d + 8. Suppose d*b = -9 + 45. What is the units digit of b?
8
Suppose -49*x + 876 = -46*x. What is the tens digit of x?
9
Suppose 4*x - 8 = 2*x. Suppose -4*i + 10 = -18. Suppose x*q - 13 = i. What is the units digit of q?
5
Let i = 293 - 186. What is the tens digit of i?
0
Suppose -2*c - 249 = -5*c. What is the units digit of c?
3
What is the tens digit of (38 + 0 + -4)*2?
6
Suppose 5*t - 4 = -3*v, -t - 4 = 3*t. Suppose -v*p - 2*y = p - 30, -4*y = 4*p - 32. What is the units digit of p?
7
Suppose -4*x + 3*x = -2*v + 194, 0 = 3*v - x - 289. Let g = v - 67. What is the units digit of g?
8
Suppose 5*u = -i + 188, 0*i + 173 = 5*u - 4*i. What is the tens digit of u?
3
Let h(z) = 6*z - 11. What is the tens digit of h(9)?
4
Suppose -13 = -4*c - 1, 13 = 4*z + 3*c. Let x(i) = 10*i**2 - i. What is the units digit of x(z)?
9
Let d(k) = 3*k**2 - 1. Let p be d(-1). Suppose -30 = -4*r - p. What is the units digit of r?
7
Suppose 3*c = 5*v - 2 - 10, 0 = 2*c + 5*v - 17. Let y = -1 - -6. Let i = y + c. What is the units digit of i?
6
Let p = -2 - -83. Let u = 131 - p. What is the units digit of u?
0
Let g = -9 + 11. Suppose g*m = 2*w + 36, 0 = 3*m + 4*w - 3 - 51. What is the tens digit of m?
1
Let n(g) = g**3 + 5*g**2 + 2*g + 3. Let x be n(-3). Let c = x - 12. What is the units digit of c?
3
Suppose 0 = -5*x - 0*x + 15. Let v be (9 + -2 - 2) + x. What is the units digit of 21/6 - 4/v?
3
Suppose 29 = 4*k + m, -3*k + 5*k + 3*m - 7 = 0. What is the tens digit of (44/8)/(4/k)?
1
What is the units digit of -4*1/(-8)*14?
7
Let k be 64 + 4 - (0 - 4). Let z = k + -23. What is the tens digit of z?
4
Suppose -5*j = -25, -3*v = -v - 2*j - 30. Suppose -h + v = -3*s, 5*s + 15 - 1 = h. What is the units digit of h?
9
Suppose -b + k = -3, -b - 2*k - 3*k = -21. What is the units digit of (-2 + 50/b)*3?
9
What is the units digit of (-18)/((-1)/(-14)*-4)?
3
Let u = -5 - -13. What is the units digit of u?
8
What is the units digit of (-10)/(-1) + -3 + 2?
9
Let a = -6 - -11. Suppose -n = -a*d - 6, -11 = -n + 2*d + 1. What is the units digit of n?
6
Let u(t) = 2*t**2 + 7*t - 1. What is the units digit of u(-5)?
4
Suppose 4*k + 16 = 0, -v = 4*k - 166 - 30. What is the hundreds digit of v?
2
Suppose -2*x - 13 = -3*c, 2*x + 5*c = 4 + 7. Let z be x/11 + (-174)/11. What is the tens digit of (-284)/z - (-2)/8?
1
Suppose 3*d + 2*d - 90 = 0. What is the units digit of d?
8
Suppose 0 = 4*m - 0*a - 5*a - 33, -5*a - 25 = 0. Let s(p) = 7*p - 3. Let v be s(m). Suppose 2*n + 1 = v. What is the units digit of n?
5
Let c = 59 - 5. What is the units digit of c?
4
Let g(u) = u**2 - 9*u. What is the units digit of g(12)?
6
Let m be (-10)/2*(-2)/5. What is the units digit of -3 - ((3 - m) + -8)?
4
Let m = 17 - 12. Suppose -17 = 5*c + 3, 3*w + c - m = 0. Suppose -4*l = -w*l - 6. What is the units digit of l?
6
Let k(b) be the second derivative of 0*b**3 + b**2 + 1/12*b**4 - b + 0. What is the units digit of k(0)?
2
Let j = 6 + -4. Let v be j/(-7) - (-15)/(-21). What is the units digit of (1/(-2))/(v/12)?
6
Let c(g) = -g**3 + 5*g**2 + 6*g + 1. Let v be c(6). What is the units digit of 1/1 - -12*v?
3
Let p be (14/5)/(2/5). Let q(d) = -d + 2. Let a be q(p). What is the tens digit of 16 - ((a - -3) + 1)?
1
Let i = 13 + -25. Let n be (i/10)/(3/15). Let y(k) = k**2 + 5*k + 2. What is the units digit of y(n)?
8
Let y(n) = -n**3 - 4*n**2 - 2*n - 3. Let h(x) = 2*x**3 + 2*x + 1. Let b be h(-1). Let d be y(b). What is the units digit of ((-3)/(-1))/((-3)/d)?
6
What is the units digit of 243/(-18)*4/(-6)?
9
Suppose 0 = 5*s - 1 - 9. What is the units digit of ((-64)/(-4))/(s/6)?
8
Suppose -5*v + v - 5*r - 184 = 0, -v + 2*r = 59. Let f = -76 - v. What is the units digit of (15/f)/((-2)/70)?
1
Suppose 0*d - 32 = -2*d. Let s be (-6)/(-4)*d/(-12). What is the units digit of 63/12 - s/(-8)?
5
Suppose k - 227 = -3*a, -24 = 4*k + 2*a - 902. What is the tens digit of k?
1
Let l(x) = -2*x + 26. What is the units digit of l(9)?
8
Suppose 15 = 4*x - x. Suppose 0 = -x*o + 3*o + 76. What is the tens digit of o?
3
Let g = -34 + 61. What is the units digit of g?
7
Let t = 57 + -37. What is the units digit of (32/t)/(1/5)?
8
Let h = 54 - 24. What is the units digit of h?
0
Let g = -97 + 136. Suppose 0*w - g = -3*w. What is the units digit of w?
3
Let n(h) = -7*h - 3. Let p be n(3). Let m = 42 + p. What is the units digit of m?
8
Let r = -4 + 4. Let n = r + 0. Suppose 4*z = -d + 4*d + 61, n = 4*z - d - 55. What is the units digit of z?
3
Let r = 25 + -43. Let o = -24 - 2. Let w = r - o. What is the units digit of w?
8
Let d = 27 + 22. What is the units digit of d?
9
Let g(m) = m**2 - 5*m + 5. Let a be g(4). Let b = a + 0. What is the units digit of b?
1
Let p = 2 - 2. Suppose -u + 3*g = 3, u + p*g + 9 = 5*g. What is the units digit of u?
6
Suppose -4*u + 3*u - 4*k = 8, -2*u - 7 = -k. Let s = 14 - u. What is the tens digit of s?
1
Suppose 11 + 9 = -4*z, -3*i + 26 = -4*z. What is the units digit of i?
2
Let m(d) = -d**2 - 13*d + 39. What is the units digit of m(-13)?
9
Let g be (-2 + 10/4)*24. Let m = g + -9. What is the units digit of m?
3
Let d = 1 - 1. Suppose 8*j - 5*j = 0. Suppose d*w - w + 2 = h, -3*w = j. What is the units digit of h?
2
Let n(i) = -i + 5. Let v = 1 + -1. Let k be n(v). Suppose 0 = -k*l - 2*o + 7*o + 25, 4*l - 2*o - 18 = 0. What is the units digit of l?
4
Let v(z) = z**3 - 4*z**2 - 8*z + 1. Let q be v(7). Suppose -4 = 4*y - q. What is the tens digit of y?
2
Let t = 4 - -8. Let u = t + -8. What is the units digit of u?
4
Suppose 0*h = -3*h + 30. What is the tens digit of h?
1
Suppose -4*n - 272 = -2*p + p, 3*p = 2*n + 836. What is the units digit of p?
0
Let n(l) = l**3 + 5*l**2 - 8*l - 10. Let r be n(-6). Suppose -12 = -r*f + f. What is the units digit of f?
2
Let r(n) be the first derivative of -n**4/4 + n**2/2 + n - 3. Suppose -2*i = -0*i. What is the units digit of r(i)?
1
Let b(p) = p**3 - 3*p**2 + p + 4. What is the tens digit of b(4)?
2
Let d(v) = -v**3 + 4*v**2 - v + 1. Let s be -2 + 2 - (-4 + 2). What is the units digit of d(s)?
7
Suppose 40 = a + 4. What is the units digit of a?
6
Let a(g) = g**2 + 2*g - 3. Let w be a(2). Suppose 4*j - 72 = -4*b, -w*j = -2*b - 131 + 13. What is the tens digit of j?
2
Let h(a) = 8*a - 9. Let v = 14 + -8. What is the tens digit of h(v)?
3
Suppose 3*s + 26 - 311 = 0. What is the units digit of s?
5
Let n(k) = -k**3 + 6*k**2 + 17*k - 14. What is the tens digit of n(7)?
5
Let y(u) be the second derivative of u**3/6 + u**2 - 3*u. Let s(k) = -k**2 - 6*k - 3. Let q be s(-4). What is the units digit of y(q)?
7
Let w(a) = 19 + 0*a**3 - a**3 + 5*a - 4*a. What is the units digit of w(0)?
9
Suppose 0 = -5*y - 14 - 6. Suppose 0 = 2*h + 3*b - 11, h + 4*b = -h + 16. What is the units digit of 